ainder when 1223 is divided by d.
75
Let s be (-1 - 4736/(-6)) + 16/24. Let g = s - -45. Calculate the remainder when g is divided by 44.
42
What is the remainder when (11625/(-875))/((-1)/287) is divided by 21?
12
Suppose -4*v - 3*v - 14 = 0. Calculate the remainder when (5/(-1))/(v/26) is divided by 23.
19
Suppose 0 = 16*s - 61 - 19. Suppose -3*t = 13*q - 16*q - 378, s*t - 622 = -3*q. What is the remainder when t is divided by 9?
8
What is the remainder when 3735/6*(12 - (-136)/(-12)) is divided by 27?
10
Let x(r) be the third derivative of r**6/20 - r**5/20 + 2*r**3/3 + 23*r**2. Let a be x(-2). Let i = a + 64. What is the remainder when 13 is divided by i?
5
Suppose 3*j - 2*v = 7*j - 2378, j = 4*v + 590. Let n = 634 - j. What is the remainder when 239 is divided by n?
39
Suppose 2*i - 62 = -5*s, -5*i - s - 83 = -215. What is the remainder when 820 is divided by i?
14
Suppose -n = -20*n + 1615. What is the remainder when ((-723)/(-6) + 2)*68/n is divided by 7?
0
Suppose -y - 2*i + 80 = 2*i, 4*y - 3*i - 225 = 0. Let j = y + -42. Suppose -16*r = -17*r + 33. Calculate the remainder when r is divided by j.
15
Let p(c) = c**2 - 21*c + 143. Let m = 672 - 660. What is the remainder when 415 is divided by p(m)?
30
Let t = 12 - -50. Let l be 7*(-2779)/(-343) - (-4)/14. Suppose l*m = 21*m + 324. What is the remainder when t is divided by m?
8
Let p(j) = j**2 - 17*j - 17. Let v be p(15). Let n = -41 - v. Suppose 5*m = f - 0*f + 178, 0 = 3*m + 3*f - 96. What is the remainder when m is divided by n?
5
Suppose 11*v + 13*v - 4610 = 14*v. Calculate the remainder when v is divided by 12.
5
Let i = 53 + -36. Suppose 39 = 3*r - 309. Suppose r = 4*q - 12. What is the remainder when q is divided by i?
15
Let i(y) = y**3 + 8*y**2 - 6*y - 12. Suppose -5*x - 23 - 52 = -3*r, -2*x - 46 = -2*r. Calculate the remainder when i(-8) is divided by r.
16
What is the remainder when 113 is divided by 11 + -12 - -1*(27 - 6)?
13
Suppose 3*h = -p - 4*p + 75, 5*h + 30 = 2*p. Suppose -123*v + 106*v = 55*v - 4032. What is the remainder when v is divided by p?
11
Suppose 9*h - 5 = 8*h. Let s be -36 + 1/(-2) + 30/20. Let a = -3 - s. What is the remainder when a is divided by h?
2
Let k(u) = 811*u**2 + 193*u - 384. What is the remainder when k(2) is divided by 203?
201
Suppose 54 - 544 = -2*y. Suppose -y = 5*g - 50. Let x = g + 69. Calculate the remainder when x is divided by 8.
6
Let z = -327 + 352. Let w = -6 + 15. Suppose 0 = 6*u - 279 - w. What is the remainder when u is divided by z?
23
Let h(l) = -7*l**2 + 2*l - 18. Let o be h(5). What is the remainder when (o/(-9))/((-1)/(-6)) is divided by 21?
17
Suppose -5*b + 3*u = -598, -4*u - 246 - 104 = -3*b. Suppose -22 = -6*v + b. What is the remainder when 68 is divided by v?
20
Let n(u) = 32*u + 6. Let w be n(8). Let c = 137 - 301. Let x = w + c. What is the remainder when x is divided by 20?
18
Let b = -882 + 878. Calculate the remainder when 99 is divided by -25*(b - (2 + 48/(-15))).
29
Let i be 1*((2 - 0) + 90). Let c = i - 28. Suppose 6*p - 3*p - 96 = -3*m, -2*p + 4*m + c = 0. Calculate the remainder when p is divided by 17.
15
Suppose g + 3*s - 28 = s, -4*g + 2*s = -112. Suppose 3*o - g = 3*t + 11, 0 = 4*o + 4*t - 20. What is the remainder when 143 is divided by o?
8
Suppose -80*p - 12*p = 82605 - 217661. What is the remainder when p is divided by 26?
12
Suppose 0 = 31*f - 23*f + 32. Calculate the remainder when 1204/(-21)*3*2/f is divided by 8.
6
Let w(m) = 3*m**3 + 6*m**2 - m - 6. Calculate the remainder when 289 is divided by w(2).
9
Let y(i) = -8*i - 7. Calculate the remainder when y(-9) is divided by ((-1218)/(-147))/(10/35).
7
Let r be ((-30)/(-4))/((-15)/(-20)). Suppose r + 2 = -3*k. Calculate the remainder when 61 is divided by k/(-12) - (-141)/9.
13
Suppose -2*n - 6 = -10. Suppose -492 = -4*d + x, -4*x - x = -n*d + 264. Let z = -727 - -769. Calculate the remainder when d is divided by z.
38
Suppose 20*r = 26*r. Suppose r = 2*w - 24 + 10. Calculate the remainder when 102 is divided by w.
4
Let w be (-1 - (1 + -3 + -68)) + -1. Suppose -5*t + 3*t - 4*u = 20, 0 = 4*t + u + w. What is the remainder when 40 is divided by 24*3*(-4)/t?
8
Suppose -4*w + 12 = 3*t - 7*w, -3*w + 42 = 3*t. Calculate the remainder when 103 is divided by (-460)/(-207) + (-2)/t.
1
Let o = -64 + 40. Suppose -42*i - 42 = -4*d - 40*i, 0 = 2*i - 2. Let r = d - o. Calculate the remainder when 104 is divided by r.
34
Suppose 7 - 33 = -4*f + 2*j, -j = 3. Suppose -f*z + 185 = -205. Calculate the remainder when z is divided by 4.
2
Let d(n) = -2*n**2 - 42*n + 19. Let k(u) = 3*u**2 + 62*u - 28. Let j(l) = -8*d(l) - 5*k(l). What is the remainder when j(-27) is divided by (-2 + 1)*(-9 + -1)?
5
Let b(k) = 4*k**3 + 3*k**2 - 6*k + 7 + k**2 + k**3 - 4*k**3. Let u be b(-5). Calculate the remainder when ((-26)/6 + -3)/((-2)/u) is divided by 9.
8
Let o(g) = 34*g - 1400. Suppose -2*j - 89 = -i, 4*i = j - 5*j + 404. Calculate the remainder when i is divided by o(42).
13
Suppose -3*k = 4*v - 665, 5*k + 564 = -6*v + 9*v. Calculate the remainder when 998 is divided by v.
133
Let b be (25/5)/15 + 106/(-3). What is the remainder when 122 is divided by (-4)/(-10) + (-896)/b?
18
Suppose 0 = u - 4*d - 654, 2*u - 3*d - 1889 + 566 = 0. What is the remainder when u is divided by 655?
11
Let p = -39 - -47. Suppose p*v - 10*v + 42 = 0. What is the remainder when 60 is divided by 100/28 + -4 + 471/v?
16
Let a = 16291 - 16268. Calculate the remainder when 4770 is divided by a.
9
Suppose -462 = 302*p - 368*p. What is the remainder when 1692 is divided by p?
5
What is the remainder when 162 is divided by 316/8 + 8/32*6?
39
Let y be -3*(-28)/12 - 4. Suppose 2*w - 5*q = 7*w + 45, -y*q = 5*w + 45. What is the remainder when 23 is divided by w/6 + (17/2 - 0)?
2
Suppose 63 + 27 = 5*s. Let d(t) = t**3 - 203*t + 1108. What is the remainder when d(6) is divided by s?
16
Let g(v) = v**3 + 47*v**2 - 99*v + 67. What is the remainder when g(-49) is divided by 32?
20
Let i = 40 + 25. Suppose 0 = 3*r + 2047*g - 2046*g - 357, 0 = -r - 3*g + 95. What is the remainder when r is divided by i?
57
Suppose -2*j = -5*r - 70, j = -r + 87 - 59. What is the remainder when 1671 is divided by j?
21
Calculate the remainder when (-3767225)/(-2233) + 10/(-145) is divided by 282.
277
Let h(n) = -82*n**3 - 2*n**2 - 2*n - 1. Let g be h(-1). Let y = 225 - g. Let u(r) = 21*r**2 - 26*r + 5. Calculate the remainder when y is divided by u(2).
33
Suppose -l = b - 48 - 53, 0 = 3*l - 4*b - 254. What is the remainder when 2443 is divided by l?
93
Let v be 67 - (-1 + (1 - -1)). Suppose -4*d = -2*d - v. Suppose 391*k + 480 = 431*k. Calculate the remainder when d is divided by k.
9
Let p(f) = f**3 + 17*f**2 - 19*f - 14. Let n(a) = -a**2 - 7*a + 26. Let s be n(-11). Let l be p(s). What is the remainder when 4 is divided by l/6*(-126)/(-28)?
1
Suppose -654*p + 7018 = -45302. Calculate the remainder when p is divided by (-2)/(-6) + (-83)/(-3).
24
Let b be 1 + 0 - -3*(-103)/3. Let i = 184 + b. Let d = 94 - i. What is the remainder when 81 is divided by d?
9
Let g = -11071 - -11098. Calculate the remainder when 1447 is divided by g.
16
Let i(p) = 146*p**3 + 1. Suppose -28*u + 37*u - 288 = 0. Calculate the remainder when i(1) is divided by u.
19
Let l = -6597 + 6605. What is the remainder when 2958 is divided by l?
6
Let k = 33 - 29. Suppose -k*h = 3*l - 124, -l + 2*l = 0. Let v = 298 - 207. What is the remainder when v is divided by h?
29
Let j = 89 - 85. Suppose 7*w = j*w - 3, -2*l + 5*w = 213. Let v = -105 - l. Calculate the remainder when v is divided by 3.
1
Let t(b) = 7*b**2 - 6*b + 2. Let h(w) = 6*w**2 + 20*w + 16. Let c be h(7). Suppose -2*r + c = 13*r. What is the remainder when t(5) is divided by r?
27
Let d(k) = 13*k + 41. Let f(v) = 3. Let p(q) = d(q) + 5*f(q). What is the remainder when p(11) is divided by 8?
7
Let j(h) = -h**2 + 10*h + 25. Let z = -303 + 312. What is the remainder when 405 is divided by j(z)?
31
Suppose -2*o + 2*f + 0*f + 568 = 0, 2*o - f - 565 = 0. What is the remainder when 571 is divided by o?
9
Let r(m) = m**2 + 23*m + 64. Let x = 8 - 28. Calculate the remainder when 16 is divided by r(x).
0
Let h(n) = -51*n - 126. Let i(u) = 96*u + 252. Let r(a) = -11*h(a) - 6*i(a). What is the remainder when 549 is 